{"id":222,"date":"2021-06-16T17:30:56","date_gmt":"2021-06-16T17:30:56","guid":{"rendered":"https:\/\/effedore.com\/?page_id=222"},"modified":"2021-06-19T18:07:04","modified_gmt":"2021-06-19T18:07:04","slug":"hr-manager-ad","status":"publish","type":"page","link":"https:\/\/effedore.com\/?page_id=222","title":{"rendered":"hr manager ad"},"content":{"rendered":"<figure id=\"attachment_223\" aria-describedby=\"caption-attachment-223\" style=\"width: 300px\" class=\"wp-caption aligncenter\"><a href=\"https:\/\/effedore.com\/wp-content\/uploads\/2021\/06\/RESPONSABILE-RISORSE-UMANE.pdf\"><img fetchpriority=\"high\" decoding=\"async\" class=\"wp-image-223 size-medium\" src=\"https:\/\/effedore.com\/wp-content\/uploads\/2021\/06\/Responsabile-Risorse-Umane-Academia-Domani-300x211.jpg\" alt=\"\" width=\"300\" height=\"211\" srcset=\"https:\/\/effedore.com\/wp-content\/uploads\/2021\/06\/Responsabile-Risorse-Umane-Academia-Domani-300x211.jpg 300w, https:\/\/effedore.com\/wp-content\/uploads\/2021\/06\/Responsabile-Risorse-Umane-Academia-Domani-1024x721.jpg 1024w, https:\/\/effedore.com\/wp-content\/uploads\/2021\/06\/Responsabile-Risorse-Umane-Academia-Domani-768x541.jpg 768w, https:\/\/effedore.com\/wp-content\/uploads\/2021\/06\/Responsabile-Risorse-Umane-Academia-Domani-1536x1081.jpg 1536w, https:\/\/effedore.com\/wp-content\/uploads\/2021\/06\/Responsabile-Risorse-Umane-Academia-Domani-2048x1442.jpg 2048w, https:\/\/effedore.com\/wp-content\/uploads\/2021\/06\/Responsabile-Risorse-Umane-Academia-Domani-150x106.jpg 150w\" sizes=\"(max-width: 300px) 100vw, 300px\" \/><\/a><figcaption id=\"caption-attachment-223\" class=\"wp-caption-text\">click above to enlarge<\/figcaption><\/figure>\n<p>&nbsp;<\/p>\n<p><strong>RESPONSABILE DELLE RISORSE UMANE &#8211; ITA<\/strong><\/p>\n<p>Programma di studio costituito da 100 ore &#8211; \u00a0Voto 87\/100<\/p>\n<ul>\n<li>Introduzione alle Gestione delle Risorse Umane Tendenze attuali nella Gestione delle Risorse Umane Aspetti Legali e Pari Opportunit\u00e0 Gestione dell\u2019Ambiente Lavorativo<\/li>\n<li>Assessment e Recruiting Gestione e Analisi dei Flussi di Lavoro Stabilire i Profili Lavorativi Modalit\u00e0 di Recruiting<\/li>\n<li>Selezione delle Risorse Umane Valutazione Preliminare del Personale Selezione del Personale<\/li>\n<li>Valutazione delle Risorse Umane Stabilire i Ruoli Gestione di Livello, Salari e Benefici<\/li>\n<li>Governance delle Risorse Umane Valutare le Diversit\u00e0 Gestione e Sviluppo dei Rapporti Interni<\/li>\n<li>Formazione delle Risorse Umane Valutazione delle capacit\u00e0 Stabilire un piano formativo<\/li>\n<li>Sviluppo e Carriera Sviluppo di un piano di carriera<\/li>\n<li>Riforme del lavoro Legislazione contrattuale<\/li>\n<\/ul>\n<p>&nbsp;<\/p>\n<p><strong>HUMAN RESOURCES MANAGER &#8211; DEU<\/strong><\/p>\n<p>Studienprogramm bestehend aus 100 Stunden &#8211; Note 87\/100<\/p>\n<ul>\n<li>Einf\u00fchrung in das Personalmanagement Aktuelle Trends im Personalmanagement Rechtliche Aspekte und Chancengleichheitsmanagement der Arbeitswelt<\/li>\n<li>Assessment und Recruiting Management und Analyse von Workflows Arbeitsprofile erstellen Recruiting-Methoden<\/li>\n<li>Personalauswahl Vorl\u00e4ufige Personalbeurteilung Personalauswahl<\/li>\n<li>Personalbewertung: Stellen Sie die Rollen, L\u00f6hne und Leistungen des Level-Managements fest<\/li>\n<li>Personalf\u00fchrung zur Bewertung von Diversity Management und Entwicklung interner Beziehungen<\/li>\n<li>Human Resources Training Skills Assessment Erstellen Sie einen Schulungsplan<\/li>\n<li>Entwicklung und Karriereentwicklung eines Karriereplans<\/li>\n<li>Arbeitsreformen Vertragsrecht<\/li>\n<\/ul>\n<p>&nbsp;<\/p>\n<p><strong>HUMAN RESOURCES MANAGER \u2013 ENG<\/strong><\/p>\n<p><strong>\u00a0<\/strong><\/p>\n<p>Study program consisting of 100 hours &#8211; Grade 87\/100<\/p>\n<p>&nbsp;<\/p>\n<ul>\n<li>Introduction to Human Resource Management Current Trends in Human Resource Management Legal Aspects and Equal Opportunities Management of the Work Environment<\/li>\n<li>Assessment and Recruiting Management and Analysis of Workflows Establish Work Profiles Recruiting Methods<\/li>\n<li>Selection of Human Resources Preliminary Assessment of Personnel Selection of Personnel<\/li>\n<li>Human Resource Assessment Establish Level Management Roles, Wages and Benefits<\/li>\n<li>Governance of Human Resources Evaluating Diversity Management and Development of Internal Relations<\/li>\n<li>Human Resources Training. Skills Assessment Establish a training plan<\/li>\n<li>Development and Career Development of a career plan<\/li>\n<li>Labor reforms Contractual legislation<\/li>\n<\/ul>\n<p>&nbsp;<\/p>\n<p>&nbsp;<\/p>\n<p><strong>DIRECTEUR DES RESSOURCES HUMAINES \u2013 FRA<\/strong><\/p>\n<p><strong>\u00a0<\/strong><\/p>\n<p>Programme d&#8217;\u00e9tudes compos\u00e9 de 100 heures &#8211; Grade 87\/100<\/p>\n<ul>\n<li>Introduction \u00e0 la gestion des ressources humaines Tendances actuelles de la gestion des ressources humaines Aspects juridiques et \u00e9galit\u00e9 des chances Gestion de l&#8217;environnement de travail<\/li>\n<li>\u00c9valuation et gestion du recrutement et analyse des flux de travail \u00c9tablir des profils de travail M\u00e9thodes de recrutement<\/li>\n<li>S\u00e9lection des ressources humaines \u00c9valuation pr\u00e9liminaire du personnel S\u00e9lection du personnel<\/li>\n<li>\u00c9valuation des ressources humaines \u00c9tablir les r\u00f4les de gestion de niveau, les salaires et les avantages<\/li>\n<li>Gouvernance des ressources humaines \u00c9valuation de la gestion de la diversit\u00e9 et d\u00e9veloppement des relations internes<\/li>\n<li>Formation Ressources Humaines Bilan des comp\u00e9tences Etablir un plan de formation<\/li>\n<li>D\u00e9veloppement et \u00e9volution de carri\u00e8re d&#8217;un plan de carri\u00e8re<\/li>\n<li>R\u00e9formes du travail L\u00e9gislation contractuelle<\/li>\n<\/ul>\n","protected":false},"excerpt":{"rendered":"<p>&nbsp; RESPONSABILE DELLE RISORSE UMANE &#8211; ITA Programma di studio costituito da 100 ore &#8211; \u00a0Voto 87\/100 Introduzione alle Gestione delle Risorse Umane Tendenze attuali nella Gestione delle Risorse Umane Aspetti Legali e Pari Opportunit\u00e0 Gestione dell\u2019Ambiente Lavorativo Assessment e Recruiting Gestione e Analisi dei Flussi di Lavoro Stabilire i Profili Lavorativi Modalit\u00e0 di Recruiting [&hellip;]<\/p>\n","protected":false},"author":1,"featured_media":0,"parent":0,"menu_order":0,"comment_status":"closed","ping_status":"closed","template":"","meta":{"footnotes":""},"class_list":["post-222","page","type-page","status-publish","hentry"],"_links":{"self":[{"href":"https:\/\/effedore.com\/index.php?rest_route=\/wp\/v2\/pages\/222","targetHints":{"allow":["GET"]}}],"collection":[{"href":"https:\/\/effedore.com\/index.php?rest_route=\/wp\/v2\/pages"}],"about":[{"href":"https:\/\/effedore.com\/index.php?rest_route=\/wp\/v2\/types\/page"}],"author":[{"embeddable":true,"href":"https:\/\/effedore.com\/index.php?rest_route=\/wp\/v2\/users\/1"}],"replies":[{"embeddable":true,"href":"https:\/\/effedore.com\/index.php?rest_route=%2Fwp%2Fv2%2Fcomments&post=222"}],"version-history":[{"count":3,"href":"https:\/\/effedore.com\/index.php?rest_route=\/wp\/v2\/pages\/222\/revisions"}],"predecessor-version":[{"id":638,"href":"https:\/\/effedore.com\/index.php?rest_route=\/wp\/v2\/pages\/222\/revisions\/638"}],"wp:attachment":[{"href":"https:\/\/effedore.com\/index.php?rest_route=%2Fwp%2Fv2%2Fmedia&parent=222"}],"curies":[{"name":"wp","href":"https:\/\/api.w.org\/{rel}","templated":true}]}}