{"id":253,"date":"2021-06-16T21:04:53","date_gmt":"2021-06-16T21:04:53","guid":{"rendered":"https:\/\/effedore.com\/?page_id=253"},"modified":"2021-06-19T18:06:34","modified_gmt":"2021-06-19T18:06:34","slug":"hr-coaching","status":"publish","type":"page","link":"https:\/\/effedore.com\/?page_id=253","title":{"rendered":"hr coaching team"},"content":{"rendered":"<figure id=\"attachment_254\" aria-describedby=\"caption-attachment-254\" style=\"width: 300px\" class=\"wp-caption aligncenter\"><a href=\"https:\/\/effedore.com\/wp-content\/uploads\/2021\/06\/Gestione-delle-Risorse-Umane-con-il-Coaching-Team-Management-rotated.jpg\"><img fetchpriority=\"high\" decoding=\"async\" class=\"wp-image-254 size-medium\" src=\"https:\/\/effedore.com\/wp-content\/uploads\/2021\/06\/Gestione-delle-Risorse-Umane-con-il-Coaching-Team-Management-300x211.jpg\" alt=\"\" width=\"300\" height=\"211\" srcset=\"https:\/\/effedore.com\/wp-content\/uploads\/2021\/06\/Gestione-delle-Risorse-Umane-con-il-Coaching-Team-Management-300x211.jpg 300w, https:\/\/effedore.com\/wp-content\/uploads\/2021\/06\/Gestione-delle-Risorse-Umane-con-il-Coaching-Team-Management-1024x721.jpg 1024w, https:\/\/effedore.com\/wp-content\/uploads\/2021\/06\/Gestione-delle-Risorse-Umane-con-il-Coaching-Team-Management-768x541.jpg 768w, https:\/\/effedore.com\/wp-content\/uploads\/2021\/06\/Gestione-delle-Risorse-Umane-con-il-Coaching-Team-Management-1536x1081.jpg 1536w, https:\/\/effedore.com\/wp-content\/uploads\/2021\/06\/Gestione-delle-Risorse-Umane-con-il-Coaching-Team-Management-2048x1442.jpg 2048w, https:\/\/effedore.com\/wp-content\/uploads\/2021\/06\/Gestione-delle-Risorse-Umane-con-il-Coaching-Team-Management-150x106.jpg 150w\" sizes=\"(max-width: 300px) 100vw, 300px\" \/><\/a><figcaption id=\"caption-attachment-254\" class=\"wp-caption-text\">click above to enlarge<\/figcaption><\/figure>\n<p>&nbsp;<\/p>\n<p><strong>Business Coaching e Gestione Risorse Umane &#8211; ITA<\/strong><\/p>\n<p><strong>\u00a0<\/strong><\/p>\n<p><strong>\u00a0<\/strong><\/p>\n<p><strong>\u00a0<\/strong><\/p>\n<p><strong>Programma del corso:<\/strong><\/p>\n<p>&nbsp;<\/p>\n<ul>\n<li>Che cos\u2019\u00e8 il coaching e a chi si rivolge<\/li>\n<li>In quale ambito si applica<\/li>\n<li>Alcune definizioni di coaching<\/li>\n<li>50 sfumature di coaching<\/li>\n<li>La creazione del Valore Economico<\/li>\n<li>Cominciamo a fare coaching<\/li>\n<li>Le convinzioni basilari<\/li>\n<li>Il successo dell\u2019impresa<\/li>\n<li>La comunicazione e la relazione con gli altri<\/li>\n<li>Il Management<\/li>\n<li>La leadership<\/li>\n<li>La vision, la mission e i valori<\/li>\n<li>Letture suggerite<\/li>\n<li>Il \u201cmodello produttivo\u201d delle comunit\u00e0 benedettine<\/li>\n<\/ul>\n<p>&nbsp;<\/p>\n<p>&nbsp;<\/p>\n<p><strong>Business Coaching und Personalmanagement &#8211; ITA<\/strong><\/p>\n<p>&nbsp;<\/p>\n<p><strong>Kursprogramm:<\/strong><\/p>\n<ul>\n<li>Was Coaching ist und f\u00fcr wen es ist<\/li>\n<li>Wo gilt es?<\/li>\n<li>Einige Definitionen von Coaching<\/li>\n<li>50 Coaching-T\u00f6ne<\/li>\n<li>Die Schaffung von wirtschaftlichem Wert<\/li>\n<li>Beginnen wir mit dem Coaching<\/li>\n<li>Die Grund\u00fcberzeugungen<\/li>\n<li>Der Erfolg des Unternehmens<\/li>\n<li>Kommunikation und Beziehung zu anderen<\/li>\n<li>Das Management<\/li>\n<li>F\u00fchrung<\/li>\n<li>Vision, Mission und Werte<\/li>\n<li>Empfohlene Lesungen<\/li>\n<li>Das \u201eproduktive Modell\u201c der benediktinischen Gemeinschaften<\/li>\n<\/ul>\n<p>&nbsp;<\/p>\n<p><strong>Business Coaching and Human Resources Management &#8211; ENG<\/strong><\/p>\n<p>&nbsp;<\/p>\n<p><strong>Course program:<\/strong><\/p>\n<ul>\n<li>What coaching is and who it is for<\/li>\n<li>Where does it apply?<\/li>\n<li>Some definitions of coaching<\/li>\n<li>50 shades of coaching<\/li>\n<li>The creation of Economic Value<\/li>\n<li>Let&#8217;s start coaching<\/li>\n<li>The basic beliefs<\/li>\n<li>The success of the company<\/li>\n<li>Communication and relationship with others<\/li>\n<li>The Management<\/li>\n<li>Leadership<\/li>\n<li>The vision, mission and values<\/li>\n<li>Suggested readings<\/li>\n<li>The &#8220;productive model&#8221; of the Benedictine communities<\/li>\n<\/ul>\n<p>&nbsp;<\/p>\n<p>&nbsp;<\/p>\n<p><strong>Business Coaching et Gestion des Ressources Humaines &#8211; FRA<\/strong><\/p>\n<p>&nbsp;<\/p>\n<p>&nbsp;<\/p>\n<p><strong>Programme des cours :<\/strong><\/p>\n<p><strong>\u00a0<\/strong><\/p>\n<ul>\n<li>Qu&#8217;est-ce que le coaching et \u00e0 qui s&#8217;adresse-t-il<\/li>\n<li>O\u00f9 s&#8217;applique-t-il ?<\/li>\n<li>Quelques d\u00e9finitions du coaching<\/li>\n<li>50 nuances de coaching<\/li>\n<li>La cr\u00e9ation de valeur \u00e9conomique<\/li>\n<li>Commen\u00e7ons l&#8217;entra\u00eenement<\/li>\n<li>Les croyances de base<\/li>\n<li>Le succ\u00e8s de l&#8217;entreprise<\/li>\n<li>Communication et relation avec les autres<\/li>\n<li>La gestion<\/li>\n<li>Leadership<\/li>\n<li>La vision, la mission et les valeurs<\/li>\n<li>Lectures sugg\u00e9r\u00e9es<\/li>\n<li>Le \u00ab mod\u00e8le productif \u00bb des communaut\u00e9s b\u00e9n\u00e9dictines<\/li>\n<\/ul>\n","protected":false},"excerpt":{"rendered":"<p>&nbsp; Business Coaching e Gestione Risorse Umane &#8211; ITA \u00a0 \u00a0 \u00a0 Programma del corso: &nbsp; Che cos\u2019\u00e8 il coaching e a chi si rivolge In quale ambito si applica Alcune definizioni di coaching 50 sfumature di coaching La creazione del Valore Economico Cominciamo a fare coaching Le convinzioni basilari Il successo dell\u2019impresa La comunicazione [&hellip;]<\/p>\n","protected":false},"author":1,"featured_media":0,"parent":0,"menu_order":0,"comment_status":"closed","ping_status":"closed","template":"","meta":{"footnotes":""},"class_list":["post-253","page","type-page","status-publish","hentry"],"_links":{"self":[{"href":"https:\/\/effedore.com\/index.php?rest_route=\/wp\/v2\/pages\/253","targetHints":{"allow":["GET"]}}],"collection":[{"href":"https:\/\/effedore.com\/index.php?rest_route=\/wp\/v2\/pages"}],"about":[{"href":"https:\/\/effedore.com\/index.php?rest_route=\/wp\/v2\/types\/page"}],"author":[{"embeddable":true,"href":"https:\/\/effedore.com\/index.php?rest_route=\/wp\/v2\/users\/1"}],"replies":[{"embeddable":true,"href":"https:\/\/effedore.com\/index.php?rest_route=%2Fwp%2Fv2%2Fcomments&post=253"}],"version-history":[{"count":4,"href":"https:\/\/effedore.com\/index.php?rest_route=\/wp\/v2\/pages\/253\/revisions"}],"predecessor-version":[{"id":637,"href":"https:\/\/effedore.com\/index.php?rest_route=\/wp\/v2\/pages\/253\/revisions\/637"}],"wp:attachment":[{"href":"https:\/\/effedore.com\/index.php?rest_route=%2Fwp%2Fv2%2Fmedia&parent=253"}],"curies":[{"name":"wp","href":"https:\/\/api.w.org\/{rel}","templated":true}]}}