{"id":954,"date":"2022-01-12T19:14:10","date_gmt":"2022-01-12T19:14:10","guid":{"rendered":"https:\/\/effedore.com\/?page_id=954"},"modified":"2022-01-12T20:27:31","modified_gmt":"2022-01-12T20:27:31","slug":"hr-valutazione-delle-performance","status":"publish","type":"page","link":"https:\/\/effedore.com\/?page_id=954","title":{"rendered":"HR Valutazione delle Performance"},"content":{"rendered":"<figure id=\"attachment_959\" aria-describedby=\"caption-attachment-959\" style=\"width: 300px\" class=\"wp-caption aligncenter\"><a href=\"https:\/\/effedore.com\/wp-content\/uploads\/2022\/01\/HR-VALUTAZIONE-DELLE-PERFORMANCE-DIPLOMA-1.pdf\"><img fetchpriority=\"high\" decoding=\"async\" class=\"wp-image-959 size-medium\" src=\"https:\/\/effedore.com\/wp-content\/uploads\/2022\/01\/DIPLOMA-LITTLE-300x209.jpg\" alt=\"\" width=\"300\" height=\"209\" srcset=\"https:\/\/effedore.com\/wp-content\/uploads\/2022\/01\/DIPLOMA-LITTLE-300x209.jpg 300w, https:\/\/effedore.com\/wp-content\/uploads\/2022\/01\/DIPLOMA-LITTLE-768x534.jpg 768w, https:\/\/effedore.com\/wp-content\/uploads\/2022\/01\/DIPLOMA-LITTLE.jpg 795w\" sizes=\"(max-width: 300px) 100vw, 300px\" \/><\/a><figcaption id=\"caption-attachment-959\" class=\"wp-caption-text\">clicca per ingrandire &#8211; click above to enlarge<\/figcaption><\/figure>\n<p>&nbsp;<\/p>\n<p>&nbsp;<\/p>\n<p>Programma di studio costituito da 25 ore con voto 93\/100<\/p>\n<p><strong><span style=\"color: #008000;\">ITA<\/span><\/strong><\/p>\n<ul>\n<li>Principi e strumenti della valutazione delle performance: Le 3P della valutazione delle performance, cosa si valuta: fatti, non impressioni, la Valutazione \u00e8 parte della gestione, la valutazione come processo aziendale;<\/li>\n<li>Il colloquio di valutazione;<\/li>\n<li>Gli errori del valutatore: errori soggettivi ed oggettivi;<\/li>\n<li>Il colloquio di valutazione: tecniche ed accorgimenti;<\/li>\n<li>Gli ingredienti indispensabili del colloquio di valutazione: ascolto e dialogo, il piano di sviluppo;<\/li>\n<li>Le nuove frontiere della valutazione delle performance: le tecniche di valutazione: autovalutazione e valutazione a 360 gradi;<\/li>\n<li>Le altre tecniche di valutazione: curva di distribuzione, ranking predefinito.<\/li>\n<\/ul>\n<p>&nbsp;<\/p>\n<p>Studienprogramm bestehend aus 25 Stunden mit einer Punktzahl von 93\/100<\/p>\n<p><strong><span style=\"color: #ff6600;\">DEU<\/span><\/strong><\/p>\n<ul>\n<li>Prinzipien und Instrumente der Leistungsbewertung: Die 3Ps der Leistungsbewertung, was bewertet wird: Fakten statt Eindr\u00fccke, Bewertung ist Teil des Managements, Bewertung als Gesch\u00e4ftsprozess;<\/li>\n<li>Das Bewertungsgespr\u00e4ch;<\/li>\n<li>Fehler des Bewerters: subjektive und objektive Fehler;<\/li>\n<li>Das Evaluationsgespr\u00e4ch: Techniken und Tricks;<\/li>\n<li>Die unverzichtbaren Bestandteile des Evaluationsgespr\u00e4chs: Zuh\u00f6ren und Dialog, der Entwicklungsplan;<\/li>\n<li>Die neuen Grenzen der Leistungsbewertung: Bewertungstechniken: Selbstbewertung und 360-Grad-Bewertung;<\/li>\n<li>Die anderen Bewertungstechniken: Verteilungskurve, vordefiniertes Ranking.<\/li>\n<\/ul>\n<p>&nbsp;<\/p>\n<p>Study program consisting of 25 hours with a score of 93\/100<\/p>\n<p><strong><span style=\"color: #ff0000;\">ENG<\/span><\/strong><\/p>\n<ul>\n<li>Principles and tools of performance evaluation: The 3Ps of performance evaluation, what is evaluated: facts, not impressions, evaluation is part of management, evaluation as a business process;<\/li>\n<li>The evaluation interview;<\/li>\n<li>The evaluator&#8217;s errors: subjective and objective errors;<\/li>\n<li>The evaluation interview: techniques and tricks;<\/li>\n<li>The indispensable ingredients of the evaluation interview: listening and dialogue, the development plan;<\/li>\n<li>The new frontiers of performance evaluation: evaluation techniques: self-evaluation and 360-degree evaluation;<\/li>\n<li>The other evaluation techniques: distribution curve, predefined ranking.<\/li>\n<\/ul>\n<p>&nbsp;<\/p>\n<p>&nbsp;<\/p>\n<p>Programme d&#8217;\u00e9tudes compos\u00e9 de 25 heures avec un score de 93\/100<\/p>\n<p><strong><span style=\"color: #000080;\">FRA<\/span><\/strong><\/p>\n<ul>\n<li>Principes et outils de l&#8217;\u00e9valuation de la performance : Les 3P de l&#8217;\u00e9valuation de la performance, ce qui est \u00e9valu\u00e9 : les faits, pas les impressions, l&#8217;\u00e9valuation fait partie du management, l&#8217;\u00e9valuation en tant que processus m\u00e9tier ;<\/li>\n<li>L&#8217;entretien d&#8217;\u00e9valuation ;<\/li>\n<li>Les erreurs de l&#8217;\u00e9valuateur : erreurs subjectives et objectives ;<\/li>\n<li>L&#8217;entretien d&#8217;\u00e9valuation : techniques et astuces ;<\/li>\n<li>Les ingr\u00e9dients indispensables de l&#8217;entretien d&#8217;\u00e9valuation : l&#8217;\u00e9coute et le dialogue, le plan de d\u00e9veloppement ;<\/li>\n<li>Les nouvelles fronti\u00e8res de l&#8217;\u00e9valuation de la performance : techniques d&#8217;\u00e9valuation : auto-\u00e9valuation et \u00e9valuation \u00e0 360 degr\u00e9s ;<\/li>\n<li>Les autres techniques d&#8217;\u00e9valuation : courbe de distribution, classement pr\u00e9d\u00e9fini.<\/li>\n<\/ul>\n","protected":false},"excerpt":{"rendered":"<p>&nbsp; &nbsp; Programma di studio costituito da 25 ore con voto 93\/100 ITA Principi e strumenti della valutazione delle performance: Le 3P della valutazione delle performance, cosa si valuta: fatti, non impressioni, la Valutazione \u00e8 parte della gestione, la valutazione come processo aziendale; Il colloquio di valutazione; Gli errori del valutatore: errori soggettivi ed oggettivi; [&hellip;]<\/p>\n","protected":false},"author":1,"featured_media":0,"parent":0,"menu_order":0,"comment_status":"closed","ping_status":"closed","template":"","meta":{"footnotes":""},"class_list":["post-954","page","type-page","status-publish","hentry"],"_links":{"self":[{"href":"https:\/\/effedore.com\/index.php?rest_route=\/wp\/v2\/pages\/954","targetHints":{"allow":["GET"]}}],"collection":[{"href":"https:\/\/effedore.com\/index.php?rest_route=\/wp\/v2\/pages"}],"about":[{"href":"https:\/\/effedore.com\/index.php?rest_route=\/wp\/v2\/types\/page"}],"author":[{"embeddable":true,"href":"https:\/\/effedore.com\/index.php?rest_route=\/wp\/v2\/users\/1"}],"replies":[{"embeddable":true,"href":"https:\/\/effedore.com\/index.php?rest_route=%2Fwp%2Fv2%2Fcomments&post=954"}],"version-history":[{"count":5,"href":"https:\/\/effedore.com\/index.php?rest_route=\/wp\/v2\/pages\/954\/revisions"}],"predecessor-version":[{"id":961,"href":"https:\/\/effedore.com\/index.php?rest_route=\/wp\/v2\/pages\/954\/revisions\/961"}],"wp:attachment":[{"href":"https:\/\/effedore.com\/index.php?rest_route=%2Fwp%2Fv2%2Fmedia&parent=954"}],"curies":[{"name":"wp","href":"https:\/\/api.w.org\/{rel}","templated":true}]}}